vided by 102.
100
What is the remainder when 1112 is divided by 62?
58
What is the remainder when 2194 is divided by 88?
82
What is the remainder when 484 is divided by 5?
4
Calculate the remainder when 252 is divided by 88.
76
Calculate the remainder when 777 is divided by 6.
3
Calculate the remainder when 281 is divided by 28.
1
What is the remainder when 38 is divided by 20?
18
What is the remainder when 347 is divided by 70?
67
Calculate the remainder when 208 is divided by 70.
68
What is the remainder when 83 is divided by 44?
39
What is the remainder when 54 is divided by 42?
12
Calculate the remainder when 135 is divided by 46.
43
Calculate the remainder when 4812 is divided by 43.
39
What is the remainder when 64 is divided by 24?
16
Calculate the remainder when 53231 is divided by 35.
31
Calculate the remainder when 236 is divided by 49.
40
What is the remainder when 163 is divided by 29?
18
Calculate the remainder when 58 is divided by 30.
28
What is the remainder when 186 is divided by 63?
60
Calculate the remainder when 1019 is divided by 64.
59
What is the remainder when 374 is divided by 9?
5
What is the remainder when 7150 is divided by 12?
10
What is the remainder when 1421 is divided by 119?
112
Calculate the remainder when 30 is divided by 17.
13
Calculate the remainder when 965 is divided by 211.
121
What is the remainder when 6725 is divided by 2239?
8
Calculate the remainder when 143 is divided by 24.
23
What is the remainder when 272 is divided by 84?
20
Calculate the remainder when 2900 is divided by 958.
26
What is the remainder when 33 is divided by 8?
1
Calculate the remainder when 1057 is divided by 518.
21
Calculate the remainder when 473 is divided by 6.
5
What is the remainder when 333 is divided by 84?
81
Calculate the remainder when 132 is divided by 42.
6
What is the remainder when 990 is divided by 326?
12
What is the remainder when 237 is divided by 22?
17
What is the remainder when 804 is divided by 44?
12
What is the remainder when 8 is divided by 2?
0
Calculate the remainder when 36605 is divided by 143.
140
Calculate the remainder when 47 is divided by 21.
5
What is the remainder when 1011 is divided by 29?
25
What is the remainder when 239 is divided by 64?
47
What is the remainder when 1516 is divided by 138?
136
Calculate the remainder when 235 is divided by 17.
14
What is the remainder when 6552 is divided by 28?
0
Calculate the remainder when 463 is divided by 58.
57
Calculate the remainder when 127 is divided by 43.
41
What is the remainder when 22904 is divided by 12?
8
Calculate the remainder when 371 is divided by 19.
10
Calculate the remainder when 128 is divided by 46.
36
Calculate the remainder when 402 is divided by 62.
30
Calculate the remainder when 172 is divided by 53.
13
Calculate the remainder when 152 is divided by 17.
16
What is the remainder when 7438 is divided by 186?
184
Calculate the remainder when 216 is divided by 64.
24
Calculate the remainder when 1460 is divided by 15.
5
What is the remainder when 163 is divided by 40?
3
Calculate the remainder when 193 is divided by 10.
3
Calculate the remainder when 1217 is divided by 58.
57
What is the remainder when 108 is divided by 63?
45
Calculate the remainder when 506 is divided by 29.
13
Calculate the remainder when 54 is divided by 19.
16
What is the remainder when 19880 is divided by 205?
200
What is the remainder when 1241 is divided by 8?
1
Calculate the remainder when 1052 is divided by 647.
405
Calculate the remainder when 107 is divided by 10.
7
Calculate the remainder when 8227 is divided by 10.
7
Calculate the remainder when 461 is divided by 58.
55
What is the remainder when 231 is divided by 48?
39
What is the remainder when 281 is divided by 99?
83
What is the remainder when 387 is divided by 26?
23
What is the remainder when 413 is divided by 77?
28
Calculate the remainder when 1069 is divided by 355.
4
Calculate the remainder when 163 is divided by 22.
9
Calculate the remainder when 5410 is divided by 11.
9
Calculate the remainder when 218 is divided by 34.
14
Calculate the remainder when 88 is divided by 46.
42
Calculate the remainder when 1031 is divided by 22.
19
Calculate the remainder when 49 is divided by 36.
13
Calculate the remainder when 34 is divided by 8.
2
Calculate the remainder when 782 is divided by 256.
14
What is the remainder when 255 is divided by 65?
60
Calculate the remainder when 3134 is divided by 30.
14
Calculate the remainder when 424 is divided by 257.
167
What is the remainder when 155 is divided by 114?
41
Calculate the remainder when 249 is divided by 51.
45
Calculate the remainder when 244 is divided by 62.
58
What is the remainder when 65 is divided by 23?
19
What is the remainder when 450 is divided by 133?
51
What is the remainder when 813 is divided by 5?
3
Calculate the remainder when 274 is divided by 146.
128
Calculate the remainder when 166 is divided by 17.
13
What is the remainder when 314 is divided by 36?
26
Calculate the remainder when 2472 is divided by 37.
30
What is the remainder when 198 is divided by 78?
42
Calculate the remainder when 1831 is divided by 601.
28
Calculate the remainder when 137 is divided by 23.
22
Calculate the remainder when 179 is divided by 18.
17
Calculate the remainder when 1105 is divided by 223.
213
Calculate the remainder when 96 is divided by 36.
24
What is the remainder when 1323 is divided by 34?
31
What is the remainder when 276 is divided by 233?
43
What is the remainder when 255 is divided by 95?
65
Calculate the remainder when 116 is divided by 44.
28
What is the remainder when 150 is divided by 14?
10
What is the remainder when 295 is divided by 99?
97
Calculate the remainder when 2624 is divided by 1305.
14
Calculate the remainder when 975 is divided by 7.
2
What is the remainder when 231 is divided by 29?
28
What is the remainder when 3634 is divided by 63?
43
Calculate the remainder when 639 is divided by 12.
3
Calculate the remainder when 921 is divided by 153.
3
What is the remainder when 3523 is divided by 18?
13
What is the remainder when 641 is divided by 14?
11
What is the remainder when 12648 is divided by 253?
251
Calculate the remainder when 240 is divided by 120.
0
Calculate the remainder when 69 is divided by 47.
22
What is the remainder when 43 is divided by 12?
7
Calculate the remainder when 608 is divided by 28.
20
What is the remainder when 1505 is divided by 49?
35
What is the remainder when 558 is divided by 35?
33
Calculate the remainder when 58 is divided by 10.
8
Calculate the remainder when 671 is divided by 33.
11
What is the remainder when 323 is divided by 41?
36
What is the remainder when 147 is divided by 10?
7
What is the remainder when 132 is divided by 48?
36
What is the remainder when 6088 is divided by 35?
33
What is the remainder when 553 is divided by 26?
7
What is the remainder when 163 is divided by 76?
11
Calculate the remainder when 44 is divided by 44.
0
What is the remainder when 1931 is divided by 383?
16
Calculate the remainder when 72 is divided by 58.
14
What is the remainder when 200 is divided by 69?
62
Calculate the remainder when 841 is divided by 18.
13
What is the remainder when 2077 is divided by 52?
49
What is the remainder when 381 is divided by 55?
51
Calculate the remainder when 292 is divided by 98.
96
Calculate the remainder when 524 is divided by 31.
28
What is the remainder when 176 is divided by 59?
58
What is the remainder when 250 is divided by 23?
20
Calculate the remainder when 45 is divided by 33.
12
What is the remainder when 1043 is divided by 49?
14
Calculate the remainder when 63 is divided by 5.
3
What is the remainder when 628 is divided by 37?
36
Calculate the remainder when 383 is divided by 35.
33
What is the remainder when 4991 is divided by 48?
47
Calculate the remainder when 802 is divided by 44.
10
What is the remainder when 729 is divided by 61?
58
What is the remainder when 1039 is divided by 2?
1
What is the remainder when 678 is divided by 136?
134
Calculate the remainder when 392 is divided by 37.
22
What is the remainder when 293 is divided by 97?
2
Calculate the remainder when 1299 is divided by 627.
45
Calculate the remainder when 699 is divided 